ve of -d**5/60 - d**4/6 + 2*d**3/3 - 7*d**2. Give r(-5).
-1
Let i(b) = 9*b**2 - 1. Let z be (1 + 1 - 1) + 3. Suppose -26 = 3*h + 2*h - w, 0 = -z*h + w - 21. Let q(t) = t**2 + 4*t - 4. Let x be q(h). Give i(x).
8
Let w(m) = -m**3 - 4*m**2 - 5*m - 3. Let o be w(-3). Suppose -2*g - 1 = -j + 1, -3*g - o = -4*j. Let n(a) = j*a - 5*a**2 + 4*a**2 - 7*a. Calculate n(-5).
10
Let b = -3 + 7. Suppose b*m - 3*v = 8*m - 25, -v - 1 = -m. Let k(o) = -6*o**2 + 4*o + 5 + 4*o**2 + o**2. Determine k(m).
5
Let t be (-5)/1*4/(-10). Let c = t - -1. Let x(p) = 3*p + 4 - 4*p - c. What is x(-1)?
2
Let v(i) = -5*i**3 + 10*i + 1. Let c(l) = 14*l**3 - l**2 - 29*l - 3. Suppose 0 = 5*p - p + 24. Let q(z) = p*c(z) - 17*v(z). Give q(-5).
6
Let o(r) = 6*r + 11. Let h(d) = 5*d + 10. Let w(n) = -4*h(n) + 3*o(n). Calculate w(-8).
9
Let p(j) = -j - 6. Let t be 13 - -1 - (0 - 0). Let o = t - 21. Let k = 2 + o. Give p(k).
-1
Let m(t) be the first derivative of 2*t**3 - 2*t**2 - 1/4*t**4 - 1 - 2*t. Calculate m(5).
3
Let o(w) = -w**2 + 4*w - 7. Let m(s) = s**2 - 4*s + 8. Let j(i) = -4*m(i) - 5*o(i). What is j(2)?
-1
Let j(x) = -2*x**3 + 3*x**2 + 4*x + 2. Let g(o) = o**3 - 4*o**2 - 4*o - 1. Let q(n) = 3*g(n) + 2*j(n). Give q(-5).
-4
Suppose d = 3*a + 1 + 3, -2*d - 4*a = -8. Let h(t) = -t**3 + 5*t**2 - 4*t - 1. What is h(d)?
-1
Let i(h) = 5*h. Let a(l) be the first derivative of l**3/3 - l - 5. Let p be a(0). Determine i(p).
-5
Let z(b) = 7*b**3 - 1. Let h = -12 + 14. Let x be ((-3)/(-6))/(h/4). What is z(x)?
6
Let b(l) = -l**3 - l - l**2 - 4*l**2 + 0 + 8*l + 2. What is b(-6)?
-4
Let i(b) = -2*b**3 + 7*b**2 + 11*b. Let l(t) = -5*t**3 + 14*t**2 + 23*t + 1. Let a(z) = 7*i(z) - 3*l(z). Calculate a(-6).
-15
Let p = -2 + 4. Suppose p*v + v = 0. Let d(s) = s**2 - s**3 - 6 + 0*s**2 + s + v*s**2. What is d(0)?
-6
Let j be (-6)/9*6 + -2. Let r(x) = x**2 + 0*x**2 + 5*x + 4*x + 1 - 3*x. Calculate r(j).
1
Let p = 15 - 21. Let m = -3 + 5. Let h(l) = -3*l - 2*l**2 - 2*l**2 + 3*l**2 - m*l + 1. Give h(p).
-5
Let x be 2 + (-3 - -1) + -5. Let w(a) = -4*a**3 + 3*a**3 - 3*a**2 + a**2 - a - 3 - 3*a**2. Give w(x).
2
Let n be ((-135)/(-6))/(-5)*4/(-6). Let y(t) = -t**2 + 2*t + 3. Determine y(n).
0
Let g(k) = k**2 + 15*k - 20. Let q be g(-16). Let n(j) = -j**3 - 3*j**2 + 3*j + 2. Give n(q).
6
Let g(d) = -4*d + 1 + 3*d + d**2 - 2. Let h(a) = 2*a - 4. Let s be h(3). Suppose 0 = -s*q + 3*o - 14, 2*o - 6 = -4*q + 2*q. What is g(q)?
1
Let v(n) = -5*n**3 - 5*n**2 - 3*n + 4. Let b(z) = z**3 - z**2 - z + 1. Let k(q) = -4*b(q) + v(q). What is k(1)?
-9
Let n(v) = v**3 + 6*v**2 + 5*v - 5. Let w be n(-5). Let x(u) be the first derivative of 4 + 5*u - 1/3*u**3 - 2*u**2. Determine x(w).
0
Suppose 12*y = 11*y - 3. Let k = -5 - y. Let m(s) = -s**2 - 1. Let j(o) = -2*o**2 + o - 2. Let v(g) = -2*j(g) + 5*m(g). Calculate v(k).
-1
Suppose -6*w = -88 + 34. Let f(x) = -x**3 + 9*x**2 + 13. What is f(w)?
13
Let m(u) be the first derivative of -1 + u**2 + 0*u**3 + 1/24*u**4 + 0*u. Let i(s) be the second derivative of m(s). Calculate i(2).
2
Let d(c) be the third derivative of c**4/24 + 6*c**2. What is d(-2)?
-2
Let r(p) = 2*p**3 + 3*p**2 + 3*p + 3. Let m(q) = -3*q - 20. Let f be m(-6). What is r(f)?
-7
Let v(t) = -2*t**2 - 4*t + 1. Suppose -3*d + d = -4*h + 22, -3*d + 3*h - 21 = 0. Calculate v(d).
-5
Let c(d) = 21*d - 50*d + 15*d - 15 + 16*d. Calculate c(10).
5
Let y(q) = -7*q. Let w = -3 + 2. Let o be 1 - ((1 - w) + 0). Determine y(o).
7
Let g(w) = w**2 - w. Let u(c) = 6*c**2 - 10*c - 1. Let f(q) = 5*g(q) - u(q). Give f(6).
-5
Let n(r) = -3*r - 2. Let h(m) = 2*m**2 + 2*m - 2. Let a be h(2). Let f be a/25 + 46/10. Determine n(f).
-17
Let x(f) be the second derivative of f**4/12 + 7*f**3/6 - 2*f**2 + f + 1. Determine x(-8).
4
Let i(j) = -j**2 + 7. Let l be (-20)/(-11) - (-12)/66. Let m(q) = -6*q**2 + 36. Let g(b) = l*m(b) - 11*i(b). Determine g(0).
-5
Suppose -3*i = 16 + 2. Let r = i - -4. Let h(s) = s + 3. What is h(r)?
1
Suppose -3*o + 5*o = 0. Let d(m) = -3*m**2 + 2*m - 9. Let v(i) = -5*i**2 + 3*i - 14. Let c(p) = -8*d(p) + 5*v(p). Calculate c(o).
2
Let l(o) = 0 - 5*o**2 + 6*o**2 - 3. Let c be l(0). Let p(j) = j - 1. What is p(c)?
-4
Let i be (-12)/(-10)*(-15)/(-3). Let h = -4 + i. Let j(f) = 2*f**3 + 0*f**3 + 3*f - 4*f**2 - 3*f**2 + 3*f**2 - 2. Give j(h).
4
Suppose -t + 14 = -5*r - 12, -3*r + 12 = 4*t. Suppose 0 = t*o - 2*o - 16. Let m(d) = -d**2 + 2*d + 1. Determine m(o).
-7
Let h = 8 + 16. Let o = h - 22. Let j(m) = m**3 + m - 1. Calculate j(o).
9
Let o(i) = i**3 - 3*i**2 + i + 1. Let x(a) be the third derivative of -a**6/120 + a**5/30 + a**4/6 - 3*a**2. Let q be x(3). What is o(q)?
4
Let t(f) = 4*f + 6. Let u = 47 + -11. Suppose -2 = 4*k - 2*d - 32, 4*d + u = 5*k. Let w = -12 + k. Give t(w).
-10
Let q(t) = 0*t + t**2 + 2*t**2 + 2 + 2 + t**3 - 2*t. Let o = -2 - 2. Determine q(o).
-4
Let w(v) = 22*v**2 - 10*v**2 - 5 - 8*v - 11*v**2. Determine w(9).
4
Suppose 2*m = 4*f + 10, -8*f + 3*f - 11 = -4*m. Let d(r) be the third derivative of 0 - 1/30*r**5 + 1/6*r**3 + 0*r - 1/20*r**6 + r**2 + 0*r**4. What is d(m)?
5
Let k(m) = m**2 - 5*m + 2. Let n = 12 + -7. Determine k(n).
2
Suppose 0 = r + y + 13, 0 = -r - 2*r + 4*y - 74. Let z = r - -13. Let c(i) be the second derivative of i**4/12 + i**3 + 5*i**2/2 - i. Calculate c(z).
0
Let j(t) = -t**3 - 5*t**2 - t - 5. Let k = 0 - 5. Calculate j(k).
0
Let q(l) = 2*l + 3. Let s be -1*(-15 - (-1 - -1)). Suppose x = s + 5. Suppose -j - x = 3*j. Determine q(j).
-7
Let f(s) = s**3 - 5*s**2 + 3*s - 3. Let v = 37 - 19. Let b = -13 + v. Suppose 5*p + n - 2 = b, -p + 8 = -2*n. Determine f(p).
-9
Suppose -9 = -3*y + 6. Let f(v) = -5*v**3 + 2*v + 3*v**3 + y*v**2 + v**3 + 7 - 3. What is f(5)?
14
Let o(r) = -2*r**2 - 1. Let v be ((-6)/4)/(3/6). Let t(d) = -d**2 - 2*d + 2. Let l be t(v). Calculate o(l).
-3
Let h(w) = 11*w**3 + 7*w**2 - 2*w + 23. Let m(l) = -5*l**3 - 4*l**2 + l - 11. Let k(z) = -6*h(z) - 13*m(z). Determine k(10).
-5
Let m = 66 - 66. Let b(g) = -g + 3. What is b(m)?
3
Let g(p) = 25*p**2 + 11. Let v(f) = -13*f**2 - 6. Suppose 2*n + o + 8 = 6*o, -4*n - o = -28. Let u(s) = n*g(s) + 11*v(s). What is u(1)?
7
Let f(q) = -2*q**2 - 5*q**2 - 7*q + 6*q**2 - 9. Determine f(-6).
-3
Let m(k) = k - 7. Suppose 0 = w + 2*w - 9. Suppose w*s = -s + 12. Suppose s*x = 0, -2*x - 10 = -2*b + x. Give m(b).
-2
Let t be (5/(-3))/1 + (-12)/(-18). Let j(p) = -4*p**3 - p**2 + 1. What is j(t)?
4
Let j(i) = -i**2 - 6*i + 9. Let q be j(-7). Let l(a) = 1 - a + q + 1 + 0. Let y be 5/(0/(-1) - -1). Determine l(y).
-1
Suppose 0 = 4*c - 9 - 15. Let s(f) = 0*f**2 + 3*f + 9 + 6*f**2 - c*f**3 + 5*f**3 - 5*f. What is s(6)?
-3
Suppose 28 - 10 = 3*h. Let z(x) = x**3 - 6*x**2 + x - 5. Give z(h).
1
Let y(o) = -3*o + 2. Let j be (-7)/((-21)/6)*1. Determine y(j).
-4
Suppose -4*u + 7*u - 30 = 0. Let p = -7 + u. Let m(j) = -j**2 + j**2 - 3*j - 3 + j**2. What is m(p)?
-3
Let l(v) = -v**3 + 2*v**2 + 2*v - 2. Let y be (-3)/12 - 18/(-8). Let h be -2*(y + (-14)/4). What is l(h)?
-5
Let n(b) be the first derivative of -b**3/3 - b**2 - 6*b - 7. What is n(-4)?
-14
Let o(t) = -13*t + 7. Let m(v) = -v + 1. Let a(y) = 6*m(y) - o(y). Determine a(-1).
-8
Let c(a) be the first derivative of -a**3/3 - 3*a**2/2 - 44. What is c(-6)?
-18
Let u(n) = -n**2 + 11*n. Let r be u(10). Suppose -2*j + v + 1 = -2, 3*j = -4*v + r. Let p(a) = a - 2. Give p(j).
0
Let y(v) = 3*v**2 - 14*v + 11. Let m(u) = -u**2 + 5*u - 4. Let j(b) = 11*m(b) + 4*y(b). Determine j(4).
12
Let d = 3 + -6. Let l = d - -3. Let m(y) = 1 - 7*y - y + l. Give m(1).
-7
Let y(v) = 13*v**3 - 9*v**2 + 2*v. Let g(r) = 7*r**3 - 5*r**2 + r. Let f(a) = -5*g(a) + 3*y(a). Calculate f(1).
3
Let s be 6/(-8)*1*4. Suppose -11 = -3*a + 2*f, 11 = -3*a + 7*a + f. Let d(c) = -2 + 2*c + 1 - 4*c + a*c. Determine d(s).
-4
Let g = -144 + 152. Let d(o) = -o**3 + 9*o**2 - 5*o - 11. Calculate d(g).
13
Let x(i) = 21*i. Suppose 2*y + 17 = 3*g, -3*y - 2*g + 3 + 4 = 0. Determine x(y).
-21
Let g(r) = -r**2 - 6*r - 7. Let h(q) = q**3 + 9*q**2. Let b be h(-9). Let m = -5 - b. Determine g(m).
-2
Let f be ((-8)/5)/((-4)/30). Suppose -f = 3*r - 7*r. Suppose 3*w - 3 = -3*q, -r*w - q - 2 = -1. Let c(u) = 6*u**2 - u - 1. Calculate c(w).
6
Let v be 4/(-16)*(1 - 5). Let g(t) = 3*t - 3*t**2 + 3*t - 8*t - v - t**3. Give g(-2).
-1
Let d(a